 Suppose -t*b = -0*b + 2330. List the prime factors of -2*2/8 - b/4.
2, 29
Suppose -5*p = -7*p - 4*u + 6, 3*p + 2*u - 13 = 0. Suppose -p*h - 6*h = -4961. What are the prime factors of h?
11, 41
Let c(a) = 41*a + 21 - 8*a + 30. What are the prime factors of c(9)?
2, 3, 29
Suppose 6*o - 11 = 7. Let u be (-69)/36*-4*o. Suppose 0 = -u*q + 18*q + 355. What are the prime factors of q?
71
Suppose -90*i + 1695272 = 88*i. List the prime factors of i.
2, 2381
Suppose -18 = -3*w - 3. Suppose -6*d = -w*k - 3*d + 2098, 0 = -5*d - 5. List the prime factors of k.
419
Suppose 365 = 4*m - 3*a, -5*m - 4*a = a - 465. Suppose -38*x = -42*x + m. List the prime factors of (-16)/(-3 - x/(-8)).
2
Let w(v) = -5*v - 37. Let n(k) = -6*k - 38. Let p(c) = 6*n(c) - 7*w(c). Let f be p(7). Suppose 6*x = 3*x + f. What are the prime factors of x?
2
What are the prime factors of (-56)/(-14) + 21628/2 - 2/(-2)?
31, 349
Let c = 16 + -27. Let b = c + 101. List the prime factors of (b/(-24))/(2/(-40)).
3, 5
Let x(c) = 6*c**2 - 7*c + 3. Let j = 94 - 55. Let a = -36 + j. List the prime factors of x(a).
2, 3
Suppose -118*q + 18 = -112*q. Suppose k - 5*b = 759, -q*k + 2*k + 755 = -b. List the prime factors of k.
2, 13, 29
Suppose -2*r = -6*r + 8260. Suppose -4*l + 1635 = 4*v - 3*l, 0 = -5*v + 3*l + r. Suppose a + 3*a = -2*o + 804, -2*a = 3*o - v. What are the prime factors of a?
199
Suppose -4*k + 2472 = -o - 3*o, 2*k + 4*o = 1266. Let u = -345 + k. What are the prime factors of u?
2, 139
Let k(g) = -g + 1. Let d be k(2). Let l be (8/2)/(0 - d). Suppose 0 = 5*p - 5*y - 370, l*p = -2*y - 3*y + 323. List the prime factors of p.
7, 11
Let g(r) = -9 - 2*r - 5*r + 3*r + 5*r**2. Let w(q) = -5*q**2 - 47*q - 97. Let u be w(-6). What are the prime factors of g(u)?
2, 3
Let r(c) = 11*c**2 - 17*c + 6. Let b(g) = -12*g**2 + 18*g - 7. Let f(u) = -3*b(u) - 4*r(u). Let y be f(6). Let a = y - -376. What are the prime factors of a?
13
Suppose 59*v - 13286225 = -267*v - 11*v. List the prime factors of v.
5, 19, 83
Suppose 5 = 9*o - 22. Suppose -1020 = -4*l + 2*u, -o*l = 2*l + u - 1268. What are the prime factors of l?
2, 127
Let k(i) = -i**3 + 12*i**2 + 27*i + 14. Let b be k(14). What are the prime factors of 8/20 - (b - 16398/30)?
547
Suppose -112*m = -128*m + 1200. Let k be 52/14 + (-2)/(-7). Suppose k*y - 276 = 4*f, m = -4*y - f + 376. What are the prime factors of y?
2, 37
Let o(l) = 47 + 56 - 38 + 534*l + 65 - 504*l. List the prime factors of o(0).
2, 5, 13
Let p = -879 - -327. Let a be (-10)/3*p/16. Suppose f - a = -4*f. What are the prime factors of f?
23
Suppose -4*k = -2*a + 20, 4*a + 2*k = 6*k + 20. Let m be (-1 + a - -1) + 9. Suppose m*i = 8*i + 103. What are the prime factors of i?
103
What are the prime factors of (452140/208)/(5/40)?
2, 5, 37, 47
Let u(j) = 394*j**2 - 5*j + 89. List the prime factors of u(-10).
19, 2081
Let r(y) = 4*y**3 - 3*y**2 - 20*y + 60. List the prime factors of r(7).
5, 229
Suppose 4*g + 0*g = 2*z + 48, g - 12 = z. Let q(t) = t**3 - 10*t**2 - 2*t - 36. What are the prime factors of q(g)?
2, 3, 19
Let c(g) = 0*g - 2*g**2 - 41*g - 2 + 11. Let x = -19122 - -19113. List the prime factors of c(x).
2, 3
Let g be (-2 + 2)/(36/(-9)). Suppose -243 = -n + 3*r + 239, g = -n - 4*r + 461. What are the prime factors of n?
11, 43
Let y(u) = 176*u**3 - 3*u**2 + 119*u - 762. What are the prime factors of y(7)?
2, 15073
Let i be -8 - -4 - -200 - (-3 + -1). Suppose i = -11*v + v. List the prime factors of (v/2)/(16/(-360)).
3, 5
Suppose -3*b = -b. Suppose y + 183 = 2*y - q, b = -y - 3*q + 183. Let h = 260 - y. What are the prime factors of h?
7, 11
Let q(p) = -440*p**3 + 111*p + 353. List the prime factors of q(-4).
28069
Suppose 11055 = -96*m + 123*m - 7224. What are the prime factors of m?
677
Let l(f) = 2*f**3 - 26*f**2 - 22*f + 32. Let y be l(14). Suppose -y = -n + 2*r + 245, n - r = 366. List the prime factors of n.
7, 53
List the prime factors of (-73502)/(-22) + (-11 - -3).
3, 11, 101
Suppose 4*n - 4*h = 6 + 10, 0 = 2*n + 5*h - 1. Suppose -4*m + n*m = 21. List the prime factors of (((-300)/m)/5)/((-2)/(-7)).
2, 5
Let f(u) = -u**3 + 48*u**2 + 22*u - 15. List the prime factors of f(35).
2, 3, 5, 139
Suppose -j + 8 = 2. Let m be (1*(-4)/j)/(12/(-144)). Suppose -2*l - 444 = -m*l. List the prime factors of l.
2, 37
List the prime factors of 29*(-30)/(-580) + -674*(-53)/4.
2, 7, 11, 29
Let k(d) = -d - 2. Suppose 10 = 2*i, 2*w = -i + 1 - 10. Let b be k(w). Suppose -m + 6*m - 170 = 2*l, 4*m - b*l - 153 = 0. What are the prime factors of m?
2
Suppose -20 = 3*q - 5*g, -g + 4*g - 12 = 2*q. Suppose -r + 2*a + 437 = q, -5 = 3*a - 14. What are the prime factors of r?
443
Let b = 831 - 460. Suppose -361*n + b*n = 5500. List the prime factors of n.
2, 5, 11
Suppose -w + 4*w = 9. Let u(x) = 16*x**2 - 55*x - 31. Let c be u(5). Suppose w*k + c = 319. List the prime factors of k.
3, 5
Let w be -2*(1 + 3 + -5). Suppose -u + 512 = o + w*o, o = 3. What are the prime factors of u?
503
Suppose 24 = 2*s + 6*s. Suppose -3*d + 0*d = s. List the prime factors of d/(3 - (-268)/(-88)).
2, 11
Let y = 64663 + -38865. Suppose 0 = -28*o - 1522 + y. What are the prime factors of o?
3, 17
Suppose 16*i = 10*i + 12. Let p be i/3*45/10. Suppose p*k = -4 + 250. List the prime factors of k.
2, 41
Let r(h) = -2*h - 7. Let v be r(-15). Suppose 0 = s - 286 + v. List the prime factors of s.
263
Suppose u = -2*x + 13422, 40302 = 3*u - 5*x + 2*x. List the prime factors of u.
2, 5, 17, 79
Let g be (32/5)/((-18)/(-45)). Let b be (g/(-10))/((-20)/50). Suppose -3*x - 3*y + 0*y = -153, -b*y = -x + 61. List the prime factors of x.
53
Let v(g) = 2*g**2 + g + 1. Let f(l) = l**3 - 25*l**2 + l - 31. Let q(h) = f(h) + v(h). List the prime factors of q(23).
2
Suppose 0 = -5*p + 9*p + 3*n - 73246, 2*p - 36614 = 3*n. What are the prime factors of p?
2, 5, 1831
Suppose -5*d - 42*b = -43*b - 124797, 24937 = d + 3*b. List the prime factors of d.
2, 12479
Let u = 146 - 140. Let o(l) = l**3 - 29*l**2 - 32*l + 21. Let b be o(30). List the prime factors of u/(-9)*b*2.
2, 13
Let w(v) = 6*v - 124 + 220 + 3*v - v**2 + 239. List the prime factors of w(0).
5, 67
Let p be (-1634)/((12/(-18))/(5/15)). Suppose -813*j = -p*j + 1372. What are the prime factors of j?
7
Suppose 3*u - 7*u + 1392 = 0. Suppose 0 = -4*v + f + 11, v + 3*f - 9 = 2*f. Suppose -v*q + 24 = -u. What are the prime factors of q?
3, 31
Suppose 7*g = -6*g - 1430. Let h = 451 - g. What are the prime factors of h?
3, 11, 17
Let k(u) = -112*u - 1015. What are the prime factors of k(-29)?
7, 11, 29
Let j(q) = -q**3 + 17*q**2 + 16*q + 36. Let n be j(18). Let m be n + (0 - 4) + 69. Suppose 7*w - 6*w = m. List the prime factors of w.
5, 13
Let w(x) = x**3 - 7*x**2 + 18*x - 7. Let l(p) = p**2 - 12*p + 44. Let g be l(6). Let a be w(g). Let c = a + -42. List the prime factors of c.
3, 53
Suppose 12*k - 21*k = -2763. Let m = k - 196. What are the prime factors of m?
3, 37
Let q(h) = -35*h + 723. List the prime factors of q(-22).
1493
Let q(b) = -6*b + 64. Let x be q(10). List the prime factors of (-2)/7 - (x - (-2830)/(-7)).
2, 5
Let q = -313 - 74. Let s = q + 1138. What are the prime factors of s?
751
Let u(d) = -427*d + 287 - 135 - 139. List the prime factors of u(-1).
2, 5, 11
Suppose 4*y + 4 = -4, -y = -5*d + 12. Let u be (-3)/3 + d/(-1). List the prime factors of 3 - (-142 - (6 + 1 + u)).
149
Let o = 2738 - 930. Suppose 4*t - 559 = -q + 321, -2*q + 4*t = -o. List the prime factors of q.
2, 7
Suppose 3*g - 12 = 0, t - 21*g + 22*g - 534 = 0. Let c = t + -91. What are the prime factors of c?
439
Suppose 13*j - 168 = j. Suppose 11*b = j*b - 15. Suppose -b*r + 413 = 2*u, -5*r = -u + 53 + 146. List the prime factors of u.
2, 3, 17
Let d(h) = -2*h**3 + 3*h**2 - 3. Let a(q) = -q**2 + 1. Let o(k) = -k**2 + 1. Let r(c) = 6*a(c) - 5*o(c). Let s be r(-2). What are the prime factors of d(s)?
2, 3, 13
Let z(l) = 53*l**2 - 89*l - 1988. List the prime factors of z(-18).
2, 7, 11, 109
Suppose 0*p + 14*p = 70. Suppose -4*n - 2*t + p*t + 1196 = 0, 2*n - 3*t - 598 = 0. What are the prime factors of n?
13, 23
Suppose 4*s - 2544 = 5*g, 9*g - 1272 = -2*s + 7*g. Suppose -s = 11*z - 17*z. List the prime factors of z.
2, 53
Let l = 35 + -33. Suppose -2*c - 5*g = -308, -g - l*g = 12. Suppose -3*u + 7*u = c. List th